eatest common divisor of 32 and 20.
4
Calculate the greatest common factor of 92 and 1242.
46
What is the highest common factor of 3325 and 133?
133
Calculate the greatest common divisor of 1066 and 286.
26
Calculate the greatest common divisor of 299 and 819.
13
What is the greatest common divisor of 176 and 32?
16
What is the greatest common factor of 770 and 28?
14
What is the greatest common divisor of 336 and 420?
84
Calculate the greatest common factor of 39 and 36.
3
Calculate the greatest common divisor of 520 and 120.
40
What is the highest common divisor of 2604 and 252?
84
Calculate the greatest common factor of 8310 and 105.
15
Calculate the highest common divisor of 156 and 96.
12
Calculate the highest common divisor of 147 and 21.
21
What is the highest common divisor of 13008 and 36?
12
Calculate the highest common factor of 124 and 1178.
62
What is the highest common divisor of 29 and 19807?
29
What is the greatest common factor of 832 and 64?
64
Calculate the highest common factor of 628 and 40.
4
Calculate the greatest common factor of 45 and 1115.
5
Calculate the greatest common factor of 2 and 1369.
1
Calculate the highest common divisor of 518 and 28.
14
What is the highest common factor of 100 and 12?
4
What is the greatest common divisor of 1503 and 2?
1
What is the highest common divisor of 30 and 12?
6
Calculate the highest common divisor of 7497 and 18.
9
Calculate the highest common factor of 378 and 1302.
42
What is the highest common factor of 18 and 1602?
18
What is the highest common divisor of 3999 and 62?
31
What is the highest common factor of 8075 and 3825?
425
What is the greatest common divisor of 27 and 1431?
27
Calculate the highest common divisor of 615 and 30.
15
What is the highest common divisor of 8487 and 81?
9
What is the highest common factor of 45 and 99?
9
What is the highest common factor of 817 and 38?
19
What is the greatest common factor of 1568 and 96?
32
What is the highest common divisor of 264 and 120?
24
What is the highest common factor of 880 and 33?
11
Calculate the greatest common divisor of 4 and 92.
4
What is the highest common factor of 12 and 8576?
4
Calculate the highest common divisor of 33 and 11649.
33
Calculate the highest common factor of 36 and 477.
9
What is the greatest common factor of 11480 and 1680?
280
Calculate the highest common divisor of 640 and 280.
40
What is the highest common factor of 1980 and 33?
33
What is the greatest common factor of 645 and 15?
15
Calculate the greatest common divisor of 328 and 82.
82
What is the highest common divisor of 17 and 51?
17
What is the greatest common factor of 371 and 106?
53
What is the greatest common factor of 80 and 40?
40
Calculate the highest common divisor of 3129 and 745.
149
Calculate the highest common factor of 57 and 627.
57
What is the greatest common divisor of 88 and 8?
8
Calculate the highest common divisor of 5154 and 42.
6
Calculate the greatest common divisor of 14 and 14.
14
Calculate the highest common divisor of 858 and 66.
66
Calculate the highest common factor of 180 and 156.
12
Calculate the highest common divisor of 76 and 152.
76
Calculate the greatest common factor of 549 and 261.
9
Calculate the greatest common divisor of 182 and 260.
26
Calculate the highest common factor of 11 and 55.
11
What is the greatest common divisor of 1196 and 52?
52
Calculate the greatest common divisor of 126 and 450.
18
What is the greatest common divisor of 3009 and 408?
51
What is the greatest common factor of 390 and 156?
78
Calculate the highest common divisor of 48 and 84.
12
What is the highest common divisor of 880 and 11?
11
What is the highest common factor of 2223 and 513?
171
Calculate the highest common factor of 484 and 4.
4
Calculate the highest common divisor of 950 and 38.
38
What is the greatest common divisor of 408 and 24?
24
Calculate the highest common divisor of 496 and 8.
8
Calculate the highest common factor of 162 and 108.
54
What is the greatest common factor of 3 and 327?
3
What is the highest common divisor of 2247 and 84?
21
What is the highest common factor of 37 and 21534?
37
What is the highest common divisor of 63 and 49?
7
What is the highest common factor of 100 and 4?
4
What is the highest common divisor of 175 and 50?
25
What is the highest common divisor of 20 and 1660?
20
Calculate the greatest common factor of 972 and 12.
12
Calculate the highest common divisor of 4257 and 3311.
473
What is the greatest common factor of 6 and 3270?
6
Calculate the highest common divisor of 4 and 716.
4
What is the highest common factor of 371 and 5088?
53
Calculate the greatest common divisor of 4 and 5228.
4
Calculate the greatest common divisor of 14 and 7658.
14
What is the highest common factor of 104 and 5356?
52
Calculate the highest common factor of 5 and 85.
5
Calculate the greatest common factor of 435 and 15.
15
Calculate the highest common factor of 5 and 115.
5
What is the highest common divisor of 216 and 1809?
27
Calculate the greatest common divisor of 440 and 80.
40
Calculate the highest common divisor of 4347 and 378.
189
Calculate the highest common factor of 231 and 66.
33
What is the highest common factor of 6464 and 8?
8
What is the greatest common divisor of 36 and 207?
9
Calculate the greatest common factor of 494 and 19.
19
Calculate the greatest common factor of 1848 and 132.
132
Calculate the greatest common factor of 1463 and 154.
77
What is the highest common divisor of 20 and 65?
5
What is the highest common divisor of 1460 and 20?
20
Calculate the highest common factor of 220 and 20.
20
What is the highest common divisor of 11 and 1540?
11
What is the highest common divisor of 196 and 147?
49
What is the greatest common divisor of 81 and 9?
9
What is the highest common divisor of 116 and 87?
29
What is the greatest common divisor of 474 and 6?
6
Calculate the greatest common divisor of 25 and 41575.
25
Calculate the greatest common divisor of 10081 and 17.
17
What is the greatest common divisor of 6215 and 5?
5
Calculate the greatest common divisor of 430 and 129.
43
Calculate the greatest common factor of 10 and 10.
10
Calculate the greatest common divisor of 8 and 3084.
4
Calculate the highest common divisor of 583 and 4823.
53
What is the highest common divisor of 234 and 65?
13
Calculate the greatest common divisor of 112 and 3304.
56
Calculate the highest common divisor of 4 and 3308.
4
Calculate the greatest common divisor of 270 and 21.
3
What is the highest common divisor of 28 and 96?
4
What is the greatest common divisor of 1140 and 40?
20
What is the highest common factor of 291 and 679?
97
What is the greatest common divisor of 130 and 3952?
26
Calculate the greatest common factor of 17 and 1.
1
What is the greatest common divisor of 22 and 3674?
22
What is the greatest common factor of 1120 and 19264?
224
What is the greatest common factor of 330 and 275?
55
What is the greatest common divisor of 12645 and 45?
45
Calculate the highest common factor of 6560 and 160.
160
Calculate the greatest common factor of 234 and 208.
26
Calculate the greatest common divisor of 154 and 98.
14
What is the greatest common divisor of 91 and 973?
7
What is the highest common divisor of 53 and 212?
53
What is the greatest common factor of 121 and 88?
11
What is the greatest common factor of 7467 and 2751?
393
Calculate the greatest common divisor of 437 and 19.
19
Calculate the highest common factor of 6 and 84.
6
Calculate the greatest common divisor of 51 and 2091.
51
What is the greatest common divisor of 13 and 3692?
13
Calculate the highest common factor of 535 and 7169.
107
What is the highest common divisor of 485 and 194?
97
Calculate the greatest common divisor of 40 and 440.
40
Calculate the highest common divisor of 122 and 4331.
61
Calculate the highest common factor of 10352 and 80.
16
What is the greatest common divisor of 44 and 352?
44
Calculate the highest common factor of 1296 and 48.
48
What is the highest common divisor of 868 and 196?
28
Calculate the highest common divisor of 1306 and 2.
2
Calculate the highest common factor of 30 and 5910.
30
What is the greatest common divisor of 13 and 559?
13
Calculate the greatest common factor of 11120